1580 and 950420?
20
What is the greatest common divisor of 2460 and 86916310?
410
Calculate the greatest common divisor of 64920 and 124470.
30
What is the highest common divisor of 19285 and 4478180?
1015
What is the highest common factor of 2 and 5216152?
2
What is the greatest common factor of 106594824 and 504?
168
What is the highest common factor of 6903 and 204321897?
6903
Calculate the greatest common divisor of 4125 and 279312.
33
Calculate the highest common divisor of 777 and 5376462.
21
Calculate the greatest common divisor of 1033425 and 8225.
25
What is the highest common divisor of 3 and 35522958?
3
Calculate the greatest common divisor of 62 and 48258382.
62
What is the greatest common factor of 1475526 and 3900?
78
What is the greatest common divisor of 287936 and 84480?
704
What is the highest common divisor of 226867 and 124062?
29
What is the highest common factor of 8787 and 87?
87
Calculate the highest common factor of 765 and 58028225.
85
Calculate the greatest common divisor of 23509035 and 69498.
2673
What is the greatest common factor of 6903192 and 1032?
24
Calculate the highest common divisor of 2211 and 40764.
3
What is the greatest common divisor of 2623954554 and 78?
78
What is the greatest common factor of 177895 and 55695?
235
Calculate the highest common factor of 86515 and 220155.
65
Calculate the highest common divisor of 40627972 and 448.
28
Calculate the greatest common factor of 83361 and 1851961.
37
What is the highest common factor of 45608013 and 29304?
3663
What is the greatest common factor of 207 and 57600027?
207
What is the highest common factor of 70 and 2618690?
10
What is the greatest common divisor of 369267472 and 9520?
1904
What is the highest common divisor of 33 and 15580191?
33
What is the highest common factor of 42193051 and 668?
167
What is the highest common factor of 92733945 and 60?
15
Calculate the highest common factor of 204271 and 116675.
359
Calculate the highest common factor of 1080482 and 1560.
26
What is the highest common divisor of 14039260 and 140?
20
What is the greatest common factor of 360506 and 33357008?
6802
What is the highest common factor of 2686944 and 1248?
1248
Calculate the greatest common divisor of 13671 and 591201.
279
Calculate the greatest common factor of 2417272 and 216.
8
Calculate the greatest common factor of 199 and 55063698.
199
Calculate the highest common factor of 141600025 and 50.
25
Calculate the highest common factor of 2820 and 1669920810.
1410
What is the highest common factor of 5781 and 1003997832?
5781
Calculate the highest common divisor of 43963689 and 8217.
2739
What is the highest common factor of 4752138 and 6?
6
Calculate the highest common factor of 3509731 and 4807.
23
What is the highest common factor of 845340 and 2137440?
4380
Calculate the greatest common divisor of 119341 and 52400.
131
Calculate the highest common factor of 20506170 and 120.
30
Calculate the highest common factor of 1811154 and 1738.
158
Calculate the greatest common divisor of 44 and 21467292.
44
What is the greatest common divisor of 76356032 and 6464?
64
Calculate the highest common factor of 4606547 and 26961.
473
What is the greatest common divisor of 32 and 6208912416?
32
Calculate the greatest common divisor of 459017407 and 5749.
5749
What is the highest common divisor of 91 and 806585?
13
Calculate the greatest common divisor of 550256 and 256.
16
What is the greatest common factor of 2438 and 16041994?
46
Calculate the highest common divisor of 182775 and 5625.
75
Calculate the greatest common divisor of 45 and 212780175.
15
Calculate the highest common factor of 10800 and 6225120.
2160
What is the highest common factor of 22574727 and 189?
189
Calculate the greatest common factor of 9970544 and 656.
656
What is the greatest common factor of 321 and 143205?
3
What is the highest common divisor of 162590 and 10630?
10
Calculate the highest common factor of 126 and 197829968.
14
What is the highest common factor of 6976 and 6603547?
109
Calculate the greatest common divisor of 771223 and 110898.
61
What is the greatest common factor of 7677 and 408477816?
7677
Calculate the highest common divisor of 14 and 85028594.
14
What is the highest common factor of 440891044 and 88?
44
What is the greatest common factor of 444 and 36190218?
222
Calculate the greatest common divisor of 3262166 and 84419.
71
Calculate the greatest common divisor of 2232 and 24521093.
31
Calculate the greatest common divisor of 1432197 and 6.
3
Calculate the greatest common divisor of 2806171632 and 144.
144
Calculate the greatest common factor of 2516 and 1508860.
148
Calculate the greatest common divisor of 25929216 and 121808.
5296
Calculate the highest common divisor of 5688675 and 3179675.
4825
Calculate the greatest common divisor of 280919652 and 13.
13
What is the greatest common divisor of 5482444 and 44?
44
Calculate the highest common factor of 138077315 and 431.
431
Calculate the greatest common factor of 12218 and 48049294.
82
What is the highest common factor of 119440 and 74320?
80
Calculate the greatest common divisor of 110060184 and 624.
312
Calculate the highest common factor of 55008 and 19845664.
6112
Calculate the greatest common divisor of 166 and 222368786.
166
Calculate the highest common divisor of 192579548 and 2336.
292
Calculate the greatest common divisor of 604570 and 20.
10
Calculate the greatest common factor of 58 and 22562.
58
What is the highest common factor of 126148 and 1593394?
1034
What is the greatest common divisor of 11467533 and 1177?
11
What is the greatest common factor of 61343095 and 1705?
55
Calculate the highest common factor of 29395971 and 297.
99
What is the greatest common factor of 4071648 and 1368?
24
Calculate the highest common factor of 1011 and 681254936.
337
What is the highest common factor of 899 and 4773411?
31
Calculate the highest common divisor of 20 and 3166480.
20
Calculate the greatest common factor of 5323267 and 234154.
2491
Calculate the greatest common factor of 4827990 and 150.
30
Calculate the highest common factor of 8738 and 1192116602.
8738
Calculate the highest common divisor of 422790 and 6620.
10
Calculate the greatest common factor of 1876 and 68418.
14
What is the highest common factor of 1672672 and 15616?
32
What is the highest common divisor of 9186941 and 1527?
509
Calculate the greatest common divisor of 115460982 and 6006.
546
What is the greatest common divisor of 17645985 and 1133160?
7455
Calculate the greatest common divisor of 299563300 and 200.
100
Calculate the greatest common factor of 15200 and 4826.
38
What is the greatest common factor of 1211574 and 1764?
294
What is the greatest common factor of 5735 and 177452?
37
What is the greatest common factor of 19684860 and 36?
12
Calculate the greatest common divisor of 81780 and 3218560.
940
Calculate the highest common factor of 257683517 and 91.
91
Calculate the highest common divisor of 1925 and 300025.
275
Calculate the greatest common divisor of 11830 and 298613.
7
What is the highest common divisor of 7833 and 32707997?
2611
What is the highest common factor of 467146625 and 9625?
1375
Calculate the highest common factor of 83642027 and 7.
7
Calculate the highest common factor of 31602701 and 1313.
13
What is the highest common factor of 925 and 1580825?
925
What is the greatest common divisor of 5322122 and 116909?
221
Calculate the greatest common factor of 120895670 and 646.
646
What is the greatest common factor of 5880 and 2574780?
60
Calculate the highest common factor of 162016 and 183264.
2656
Calculate the highest common divisor of 1755428708 and 3124.
3124
Calculate the greatest common divisor of 18409 and 377609.
449
Calculate the highest common factor of 2092 and 177260390.
1046
What is the greatest common factor of 16870 and 1022?
14
What is the highest common divisor of 14025 and 55551155?
935
Calculate the highest common divisor of 1212 and 75923316.
1212
What is the highest common divisor of 1457142 and 1449?
69
What is the highest common divisor of 23 and 8965262?
23
What is the greatest common divisor of 12530 and 211904?
14
Calculate the highest common divisor of 999 and 2886037.
37
What is the greates